{"id":192,"date":"2019-01-31T20:56:38","date_gmt":"2019-01-31T20:56:38","guid":{"rendered":"https:\/\/www.tvwislig.ch\/newwp\/?page_id=192"},"modified":"2025-04-02T20:30:04","modified_gmt":"2025-04-02T18:30:04","slug":"home","status":"publish","type":"page","link":"https:\/\/www.tvwislig.ch\/","title":{"rendered":"\u00dcber uns"},"content":{"rendered":"\n<h3 class=\"wp-block-heading has-text-align-left has-luminous-vivid-orange-color has-text-color\">Unsere Turnfamilie<\/h3>\n\n\n\n<p class=\"has-text-align-left has-medium-font-size\">Die Turnerfamilie Weisslingen &nbsp;besteht aus dem Turnverein, der  Damenriege,  M\u00e4nner- und Frauenriege, Turnen f\u00fcr Jedermann und diversen   Sportangeboten f\u00fcr unseren Nachwuchs, wie das Ger\u00e4teturnen, Jugi,   M\u00e4dchenriege und das Kids-Turnen. Die Vereine umfassen ca. 200 aktive   Turner und Turnerinnen und vielen Passivmitgliedern, die uns tatkr\u00e4ftig   zur Seite stehen. Unsere Riegen nehmen j\u00e4hrlich an verschiedenen   Wettk\u00e4mpfen und Turnfester teil und bieten spannende Anl\u00e4sse, wie der   j\u00e4hrliche Adiletten 10 Kampf, der schnellste Wisliger, das Tenerolager   oder die zweij\u00e4hrliche Abendunterhaltung. Unsere Vereine sind eine   zielstrebige, teamf\u00e4hige und aktive Gemeinschaft, die sich \u00fcber jeden   sportlichen Zuwachs freut.  <\/p>\n\n\n\n<div style=\"height:26px\" aria-hidden=\"true\" class=\"wp-block-spacer\"><\/div>\n\n\n<div class=\"wp-block-image\">\n<figure class=\"aligncenter size-large is-resized\"><img loading=\"lazy\" decoding=\"async\" width=\"725\" height=\"725\" src=\"https:\/\/www.tvwislig.ch\/newwp\/wp-content\/uploads\/2020\/03\/Stempel-1.png\" alt=\"\" class=\"wp-image-2596\" style=\"width:294px;height:294px\" srcset=\"https:\/\/www.tvwislig.ch\/newwp\/wp-content\/uploads\/2020\/03\/Stempel-1.png 725w, https:\/\/www.tvwislig.ch\/newwp\/wp-content\/uploads\/2020\/03\/Stempel-1-300x300.png 300w, https:\/\/www.tvwislig.ch\/newwp\/wp-content\/uploads\/2020\/03\/Stempel-1-150x150.png 150w, https:\/\/www.tvwislig.ch\/newwp\/wp-content\/uploads\/2020\/03\/Stempel-1-700x700.png 700w, https:\/\/www.tvwislig.ch\/newwp\/wp-content\/uploads\/2020\/03\/Stempel-1-100x100.png 100w, https:\/\/www.tvwislig.ch\/newwp\/wp-content\/uploads\/2020\/03\/Stempel-1-400x400.png 400w\" sizes=\"auto, (max-width: 725px) 100vw, 725px\" \/><\/figure><\/div>\n\n\n<div style=\"height:51px\" aria-hidden=\"true\" class=\"wp-block-spacer\"><\/div>\n\n\n\n<p><\/p>\n","protected":false},"excerpt":{"rendered":"<p>Unsere Turnfamilie Die Turnerfamilie Weisslingen &nbsp;besteht aus dem Turnverein, der Damenriege, M\u00e4nner- und Frauenriege, Turnen f\u00fcr Jedermann und diversen Sportangeboten f\u00fcr unseren Nachwuchs, wie das Ger\u00e4teturnen, Jugi, M\u00e4dchenriege und das &hellip; <a href=\"https:\/\/www.tvwislig.ch\/\" class=\"more-link\"><span class=\"screen-reader-text\">\u00dcber uns<\/span> weiterlesen <span class=\"meta-nav\">&rarr;<\/span><\/a><\/p>\n","protected":false},"author":2,"featured_media":0,"parent":0,"menu_order":0,"comment_status":"closed","ping_status":"closed","template":"","meta":{"footnotes":""},"class_list":["post-192","page","type-page","status-publish","hentry"],"jetpack_sharing_enabled":true,"_links":{"self":[{"href":"https:\/\/www.tvwislig.ch\/index.php?rest_route=\/wp\/v2\/pages\/192","targetHints":{"allow":["GET"]}}],"collection":[{"href":"https:\/\/www.tvwislig.ch\/index.php?rest_route=\/wp\/v2\/pages"}],"about":[{"href":"https:\/\/www.tvwislig.ch\/index.php?rest_route=\/wp\/v2\/types\/page"}],"author":[{"embeddable":true,"href":"https:\/\/www.tvwislig.ch\/index.php?rest_route=\/wp\/v2\/users\/2"}],"replies":[{"embeddable":true,"href":"https:\/\/www.tvwislig.ch\/index.php?rest_route=%2Fwp%2Fv2%2Fcomments&post=192"}],"version-history":[{"count":137,"href":"https:\/\/www.tvwislig.ch\/index.php?rest_route=\/wp\/v2\/pages\/192\/revisions"}],"predecessor-version":[{"id":6952,"href":"https:\/\/www.tvwislig.ch\/index.php?rest_route=\/wp\/v2\/pages\/192\/revisions\/6952"}],"wp:attachment":[{"href":"https:\/\/www.tvwislig.ch\/index.php?rest_route=%2Fwp%2Fv2%2Fmedia&parent=192"}],"curies":[{"name":"wp","href":"https:\/\/api.w.org\/{rel}","templated":true}]}}