{"id":2723,"date":"2020-06-10T19:06:25","date_gmt":"2020-06-10T17:06:25","guid":{"rendered":"https:\/\/www.tvwislig.ch\/?page_id=2723"},"modified":"2024-05-06T09:26:13","modified_gmt":"2024-05-06T07:26:13","slug":"infos-adilettae-10-kampf","status":"publish","type":"page","link":"https:\/\/www.tvwislig.ch\/?page_id=2723","title":{"rendered":"Info&#8217;s Adilett\u00e4 10-Kampf"},"content":{"rendered":"\n<h2 class=\"wp-block-heading\"><strong>Wettkampfbeschreibung<\/strong><\/h2>\n\n\n\n<p class=\"has-medium-font-size\">Der Wettkampf wird als Mannschaft in 5-er Gruppen absolviert. Einzelresultate werden nicht separat gewertet. Die Reihenfolge der ersten neun Disziplinen darf selber gew\u00e4hlt werden. Die letzte und 10. Disziplin, die Adiletten-Stafette, findet f\u00fcr alle um ca. 16.30 Uhr statt. Bis dahin m\u00fcssen alle andern Disziplinen absolviert sein. Die Disziplinen k\u00f6nnen von Jahr zu Jahr \u00e4ndern. Egal ob eine reine Frauen- oder M\u00e4nnermanschaft, es werden alle Gruppen in der gleichen Rangliste gewertet. Jeder Teilnehmer darf nur in einer Gruppe starten. Der Anlass findet Outdoor bei jeder Witterung statt. Das Mindestalter von 16 Jahren ist zwingend einzuhalten.  Pro Gruppe wird ein Startgeld von 60 Franken f\u00e4llig.<\/p>\n\n\n\n<h2 class=\"wp-block-heading\">Ausr\u00fcstung<\/h2>\n\n\n\n<p class=\"has-medium-font-size\">Jeder\/jede Teilnehmer\/in tr\u00e4gt originale Adidas Adilett\u00e4. Die Adilett\u00e4 d\u00fcrfen auf keiner Weise manipuliert, pr\u00e4pariert oder abge\u00e4ndert werden. Nur handels\u00fcbliche Adilett\u00e4 werden am Wettkampf zugelassen. Die Adilett\u00e4 m\u00fcssen vor dem Start von einem Experten abgenommen werden. Der Anlass findet Outdoor bei jeder Witterung statt.<\/p>\n\n\n\n<h2 class=\"wp-block-heading\">Aftermovie 2023<\/h2>\n\n\n\n<figure class=\"wp-block-embed-youtube wp-block-embed is-type-video is-provider-youtube wp-embed-aspect-16-9 wp-has-aspect-ratio\"><div class=\"wp-block-embed__wrapper\">\n<div class=\"jetpack-video-wrapper\"><iframe loading=\"lazy\" title=\"Adilett\u00e4 10-Kampf 2023 \/ Aftermovie \/ Tv Wislig\" width=\"700\" height=\"394\" src=\"https:\/\/www.youtube.com\/embed\/r4yjFfPWves?feature=oembed\" frameborder=\"0\" allow=\"accelerometer; autoplay; clipboard-write; encrypted-media; gyroscope; picture-in-picture; web-share\" referrerpolicy=\"strict-origin-when-cross-origin\" allowfullscreen><\/iframe><\/div>\n<\/div><\/figure>\n\n\n\n<p><\/p>\n","protected":false},"excerpt":{"rendered":"<p>Wettkampfbeschreibung Der Wettkampf wird als Mannschaft in 5-er Gruppen absolviert. Einzelresultate werden nicht separat gewertet. Die Reihenfolge der ersten neun Disziplinen darf selber gew\u00e4hlt werden. Die letzte und 10. Disziplin, &hellip; <a href=\"https:\/\/www.tvwislig.ch\/?page_id=2723\" class=\"more-link\"><span class=\"screen-reader-text\">Info&#8217;s Adilett\u00e4 10-Kampf<\/span> weiterlesen <span class=\"meta-nav\">&rarr;<\/span><\/a><\/p>\n","protected":false},"author":3,"featured_media":0,"parent":796,"menu_order":0,"comment_status":"closed","ping_status":"closed","template":"","meta":{"footnotes":""},"class_list":["post-2723","page","type-page","status-publish","hentry"],"jetpack_sharing_enabled":true,"_links":{"self":[{"href":"https:\/\/www.tvwislig.ch\/index.php?rest_route=\/wp\/v2\/pages\/2723","targetHints":{"allow":["GET"]}}],"collection":[{"href":"https:\/\/www.tvwislig.ch\/index.php?rest_route=\/wp\/v2\/pages"}],"about":[{"href":"https:\/\/www.tvwislig.ch\/index.php?rest_route=\/wp\/v2\/types\/page"}],"author":[{"embeddable":true,"href":"https:\/\/www.tvwislig.ch\/index.php?rest_route=\/wp\/v2\/users\/3"}],"replies":[{"embeddable":true,"href":"https:\/\/www.tvwislig.ch\/index.php?rest_route=%2Fwp%2Fv2%2Fcomments&post=2723"}],"version-history":[{"count":11,"href":"https:\/\/www.tvwislig.ch\/index.php?rest_route=\/wp\/v2\/pages\/2723\/revisions"}],"predecessor-version":[{"id":6760,"href":"https:\/\/www.tvwislig.ch\/index.php?rest_route=\/wp\/v2\/pages\/2723\/revisions\/6760"}],"up":[{"embeddable":true,"href":"https:\/\/www.tvwislig.ch\/index.php?rest_route=\/wp\/v2\/pages\/796"}],"wp:attachment":[{"href":"https:\/\/www.tvwislig.ch\/index.php?rest_route=%2Fwp%2Fv2%2Fmedia&parent=2723"}],"curies":[{"name":"wp","href":"https:\/\/api.w.org\/{rel}","templated":true}]}}